 + p. Is d prime?
False
Suppose -226*t = -227*t + 5210. Suppose -56*g + 66*g = t. Is g a prime number?
True
Let h(p) = -p**3 + 3*p**2 - 2*p. Let a be h(1). Is 1843*(-5)/(-25 - a)*5 a composite number?
True
Let j(s) = s - 13. Let r be j(-2). Let f = 21 + r. Is 18 - -2*(-4 - (-33)/f) composite?
True
Suppose 4 = g + 2. Suppose 5*i + 5440 = -0*i - 4*r, g*i + 3*r + 2169 = 0. Let u = i + 1879. Is u prime?
True
Let x = 12989 + -8489. Let g = x - -667. Is g prime?
True
Suppose -153*a - 125*a + 48813171 = -91*a. Is a a composite number?
True
Suppose -16*v = -12 - 708. Suppose v*h = 51*h - 1986. Is h a prime number?
True
Let a = 194 + -122. Suppose -87*n = -a*n - 58515. Is n composite?
True
Is 2/(-12 + 2998814/249899) prime?
False
Let x(p) = p**2 + 43*p + 49. Let g be x(-47). Suppose -n - 6 = -4*n. Is (n/(-3))/((-1)/g*2) a prime number?
True
Let s = 63 - 62. Let l be (24 + -27)/(s/(-5)). Let c(q) = -q**3 + 16*q**2 - 3*q + 33. Is c(l) composite?
True
Suppose 2*f - 4*g - 54564 = 0, -4*f + 4*g + 77126 = -32014. Suppose 5*y + 9093 - f = 0. Is y prime?
False
Let a = 400657 + -228374. Is a a prime number?
True
Suppose 42 = 3*n - 30. Let c(q) = -n*q - 7 - 18*q + 14*q. Is c(-3) composite?
True
Let d = 118 + -99. Suppose 3729 = -d*r + 458912. Is r a prime number?
True
Let s = 28 - 24. Suppose -s*q + 40 = 24. Suppose 0 = -8*z + 3*z + 4*o + 1647, q*z - 2*o = 1320. Is z prime?
True
Let m(j) = -3413*j**3 - 18*j**2 - 105*j + 9. Is m(-4) composite?
True
Suppose 0 = -27*k + 10*k - 32*k + 63959455. Is k prime?
False
Let t(k) be the second derivative of -61*k**3/2 + 4*k**2 + 7*k. Suppose 0 = 5*q + 3*a + 15, 0 = q + 3*a + 1 + 2. Is t(q) a composite number?
False
Let a = 7787 - -14030. Is a prime?
True
Suppose -33*a + 432123 = -1874040 - 4822596. Is a prime?
True
Suppose 5*w - 2178735 = 5*s, -3*w + 1307243 = 15*s - 17*s. Is w composite?
True
Let y(o) = -3*o - 2. Let r be y(-2). Suppose -r*u + 57 = -39. Suppose 0 = u*n - 19*n - 5675. Is n prime?
False
Let b be (85952/24)/(3/9). Suppose -13*q - 1995 = -b. Is q a composite number?
False
Let r(q) = 2*q - 114. Let h(w) = 3*w - 228. Let v(y) = -3*h(y) + 5*r(y). Is v(-11) a composite number?
False
Let s be ((-6)/60*18 - -3)/((-4)/10). Suppose 0*z + 3*z = 1392. Let g = z - s. Is g composite?
False
Let d(a) = -15*a**3 - 6*a**2 + 6*a + 6. Let k be d(-3). Suppose -5*p = 2*h - 3951, -3*h - 5*p - k + 6263 = 0. Is h a composite number?
False
Let a(z) = -z**3 + 15*z**2 + 28*z + 29. Let d = -67 + 83. Is a(d) a prime number?
False
Let m = 91 - 90. Let d(y) = 823*y**2 - y + 1. Let l be d(m). Let z = l + -492. Is z composite?
False
Suppose -4*z - 6 = -2*h, -z + h = -3*h - 16. Let b(d) = -418*d**3 + 8*d**2 + 13*d + 5. Is b(z) prime?
True
Let a(c) = -4*c - 17. Let y be (34/(-5))/(7 - 170/25). Let j = y - -28. Is a(j) a composite number?
False
Suppose 5*d + 3*o - 143 - 178 = 0, -273 = -4*d + 3*o. Suppose d*z - 50*z - 291632 = 0. Is z a prime number?
False
Let h(y) = -128*y**3 + 32*y**2 + 83*y + 74. Is h(-15) a composite number?
False
Is (-135)/36*(0 + 4462108/(-21)) a prime number?
False
Let z be -3 + 316/20 - 2/(-10). Suppose -28 = -5*w - z. Suppose -5*u + 3249 - 627 = w*m, -m + 2*u = -863. Is m prime?
False
Suppose 2*b - 94 = -4*k, 3*b - 47 - 91 = -3*k. Let o = 45 - b. Suppose o = 2*a + a - 105. Is a a composite number?
True
Suppose 118*g - 53*g = 11747515. Is g composite?
False
Let y = 1786672 + -811749. Is y composite?
False
Let v = 142830 + -32411. Is v composite?
False
Let k = -28 + 30. Suppose 22637 = 2*l + k*r + 8131, 2*l - 2*r - 14486 = 0. Let u = l - 4231. Is u a composite number?
True
Let t(r) = 1 - 2 + 0 - 18*r - 4. Is t(-21) a composite number?
False
Let x be (-7)/(42/18)*(1 - 2). Is 2*(1 - x/(6/(-1691))) prime?
True
Let t = 8536 - 12373. Let p = t - -7195. Suppose -f + p + 3961 = 4*d, 2*d - 5*f = 3643. Is d a prime number?
False
Suppose -3*s - w - 96108 = 2*s, -5*s - 96116 = -3*w. Let n = s - -27261. Is n a prime number?
True
Suppose 3 = 2*v + 5, 0 = z - 5*v - 518. Is (-2)/(-19) - 9/(z/(-234321)) prime?
True
Let r be ((-11 - -20) + -71)/(4/(-970)). Let l = r - 8124. Is l a composite number?
False
Suppose -98 = -2*h + 4*u, 2*u - 261 = -5*h - 16. Let f = h - 49. Suppose f = -13*n + 9*n + 636. Is n a prime number?
False
Let f(t) = -8311*t - 33. Let d be f(-13). Suppose -16*q = -6*q - d. Is q prime?
False
Let c be 3452/(-18) + (-6)/27. Let n be (96/(-36) - -3)*-78. Let l = n - c. Is l prime?
False
Is (429071269/1276)/((-1)/(-4)) a prime number?
True
Is ((-6)/3 - -1)*-2*(-16323728)/(-32) prime?
True
Suppose -25*f = -10*f + 746076 - 2327481. Is f a composite number?
True
Is (-72)/1332 - 13800525/(-111) a prime number?
False
Let i(t) = -349*t**2 + 1 + 345*t**2 - 1 - 10 - 7*t - 216*t**3. Is i(-3) composite?
False
Let d(w) = -156*w - 14. Let n be d(-8). Suppose -2*a = -4*u - n, -649 = 5*a + 2*u - 3758. Let r = 1240 + a. Is r a prime number?
True
Let v be (-56)/42 + (-66)/(-9). Suppose -v*l - 2*h - 34563 = -9*l, -4*h - 57607 = -5*l. Is l a composite number?
False
Suppose -84*o - 420 = -89*o. Let f = 351 - o. Is f prime?
False
Let y = 34 + -31. Suppose -2*b - 7 = 3*a, -y*b - a - 10 = 4. Is (b/10)/((-2)/2836) composite?
False
Let p(y) = 36 - 2*y**2 - 2*y**2 - 4*y**2 - 12*y**2. Let d(h) = 4*h**2 - 7. Let o(x) = 11*d(x) + 2*p(x). Is o(8) a composite number?
False
Let b(p) be the second derivative of -p**3/6 + 235*p**2/2 + 8*p + 5. Let d be (1 - 2)*0/2. Is b(d) prime?
False
Suppose -2*q - 3*a + 4500 = 0, -3 = -2*a - 11. Suppose -q = 15*b - 18*b. Suppose -4*o - b = -8020. Is o a composite number?
True
Let k be 1/(-3) + (-312)/36. Let s(x) be the third derivative of -25*x**4/24 + 5*x**3/3 - x**2. Is s(k) prime?
False
Let d = -673531 + 1271978. Is d a prime number?
True
Is (18/108*(23 - 1))/(4/37308) a prime number?
False
Let t(o) = 7*o**3 - 30*o**2 + 29*o + 150. Let g(s) = 4*s**3 - 15*s**2 + 15*s + 75. Let m(l) = -5*g(l) + 3*t(l). Is m(23) a composite number?
False
Let b be 331/7 + ((-12)/7)/6. Suppose -35*t = -b*t + 72612. Is t a prime number?
False
Suppose 11 = 4*d + 3*s, 4*s - 6 = -2*d + 2. Let i be 0 + 2*(-1 + d). Suppose 5*z = -4*q + 303 + 1663, -i*z = -5*q - 793. Is z composite?
True
Let z = -24309 - -41476. Is z prime?
True
Let c be ((-40086)/36)/((-1)/2). Let d = c + -1298. Is d composite?
False
Let p = -38 + 41. Suppose -p*b = -5166 + 1083. Suppose 41*q - b = 40*q. Is q a composite number?
False
Let q be (((-288)/20)/4)/((-3)/(-11650)). Let s = 36323 + q. Is s a composite number?
False
Let f(o) = 6*o**2 - 11*o + 2. Let h be f(2). Suppose 3613 = a - h*t, -2*t = 4*a - 5*t - 14387. Is a composite?
False
Let x(u) be the first derivative of u**4/4 + 2*u**3/3 - 10*u**2 + 22*u + 1825. Suppose 5*h - 4*b = h + 48, 0 = h + b - 6. Is x(h) composite?
False
Let n(d) = 4*d - 4. Let u = 0 + 2. Let g be n(u). Suppose b - g = 291. Is b composite?
True
Let l be 3/6 - 1839/6. Let x = 371 - l. Is x a prime number?
True
Let i(y) = -27*y - 82. Let f be i(-21). Suppose -x + 6952 = f. Is x prime?
False
Let l(x) = 21 + 76 + 6 - 2705*x. Is l(-6) prime?
True
Suppose 0 = 3*u - 4*u + 31901. Suppose -2*s = k - u, 0*k - 31900 = -k - 3*s. Is k a composite number?
True
Suppose -12*l + 9*l = -126. Suppose -4*d - 32 = 4*t - 0*d, 0 = 5*t + 3*d + l. Is 2/t + (789/27 - -4) a composite number?
True
Let i be ((-12)/20)/(2/(40/(-6))). Is 1/(-4) + 412307/28 + i a composite number?
True
Suppose -3*k + 2*k - f = -59, k - 47 = 3*f. Suppose -5*w + 4*n = 2*n - 335, 5*w + 3*n - 360 = 0. Let i = w - k. Is i a prime number?
True
Is -39505*(-21)/60*4 a composite number?
True
Is 101948448/1680*(-10)/(-4) a composite number?
True
Let p = 14996 + -6483. Is p a prime number?
True
Let r(n) = 955*n**2 - 11*n - 27. Let h be r(-2). Suppose -2*p + 4*z + 1550 = 0, p + 5*z - h = -4*p. Is p a prime number?
False
Let k(j) = -8*j - 5. Let q be k(-1). Suppose 0 = d + 8 - 7, -5*n = q*d - 17. Suppose -n*h + 322 = 3*a, -2*h - 2*a + 75 + 87 = 0. Is h prime?
True
Let i(p) = -8*p - 27 + 0*p + 6*p**2 + 3*p + 3*p. Is i(-11) prime?
False
Let m(q) = -2*q**3 - 35*q**2 - 19*q - 35. Let f be m(-17). Is (1 + -2)/(f/1391) a composite number?
True
Suppose -37418 = 5*w - 5*h - 98398, 2*w = -h + 24401. Suppose -5*z + w = 6*z. Is z a composite number?
False
Let w = -342 - -346. Suppose 3*l = -5*u + 4516, u = w*l - 2*